posite number?
True
Is 122651 a prime number?
True
Is 822601 composite?
True
Is 322709 a composite number?
False
Is 37253 a prime number?
True
Is 205019 a composite number?
False
Is 1023011 a composite number?
True
Is 3149 prime?
False
Is 5473 a prime number?
False
Is 220553 prime?
True
Is 11735 a composite number?
True
Is 52849 a prime number?
False
Is 841433 a composite number?
True
Is 11969 a prime number?
True
Is 465373 composite?
False
Is 1573773 a composite number?
True
Is 5623 a prime number?
True
Is 8147 a prime number?
True
Is 2513 prime?
False
Is 1132921 prime?
False
Is 4037 a composite number?
True
Is 51971 a composite number?
False
Is 1880159 composite?
False
Is 1334681 composite?
False
Is 94343 a composite number?
False
Is 12037 composite?
False
Is 154195 a composite number?
True
Is 17519 a prime number?
True
Is 44041 prime?
True
Is 30341 a prime number?
True
Is 50383 a composite number?
False
Is 6197 a composite number?
False
Is 24161 a composite number?
True
Is 3427 a prime number?
False
Is 2419 a composite number?
True
Is 7737 prime?
False
Is 853 a composite number?
False
Is 9299 a composite number?
True
Is 6109 a composite number?
True
Is 30721 a prime number?
False
Is 11474 a prime number?
False
Is 55249 composite?
False
Is 86069 composite?
False
Is 66491 a prime number?
True
Is 2533 a prime number?
False
Is 12979 prime?
True
Is 1827563 prime?
True
Is 10743 composite?
True
Is 12187 a composite number?
True
Is 49757 a prime number?
True
Is 17657 a prime number?
True
Is 30727 prime?
True
Is 53399 composite?
True
Is 12589 composite?
False
Is 657017 a prime number?
True
Is 212777 a composite number?
False
Is 2317 a composite number?
True
Is 245711 a prime number?
True
Is 182849 composite?
True
Is 222767 prime?
False
Is 2729 composite?
False
Is 81337 a composite number?
True
Is 877681 composite?
True
Is 34739 prime?
True
Is 76897 a composite number?
True
Is 877 composite?
False
Is 431617 a prime number?
True
Is 38866 prime?
False
Is 2951 a prime number?
False
Is 1098187 prime?
True
Is 111139 a composite number?
True
Is 9263 a prime number?
False
Is 5755 a prime number?
False
Is 191297 prime?
True
Is 2897 composite?
False
Is 1295947 prime?
True
Is 23531 a prime number?
True
Is 164863 prime?
False
Is 105437 a prime number?
True
Is 6017 a prime number?
False
Is 3949 composite?
True
Is 231635 a prime number?
False
Is 8509 composite?
True
Is 7901 prime?
True
Is 194963 prime?
True
Is 54953 a composite number?
True
Is 37831 prime?
True
Is 603062 a prime number?
False
Is 287933 prime?
True
Is 24593 composite?
False
Is 1190653 prime?
False
Is 16183 prime?
True
Is 79757 a prime number?
True
Is 48049 prime?
True
Is 2411 prime?
True
Is 423527 a prime number?
False
Is 86311 a prime number?
True
Is 1501 prime?
False
Is 25943 prime?
True
Is 6899 a composite number?
False
Is 123817 prime?
True
Is 2181 a composite number?
True
Is 173647 prime?
True
Is 226169 a composite number?
False
Is 7283 composite?
False
Is 4711 prime?
False
Is 655907 a composite number?
True
Is 5623 composite?
False
Is 642607 a prime number?
False
Is 56841 composite?
True
Is 2369 composite?
True
Is 111457 a prime number?
False
Is 3013 composite?
True
Is 240623 composite?
False
Is 187751 a composite number?
False
Is 4621 composite?
False
Is 797 a composite number?
False
Is 53651 a prime number?
False
Is 1465 a composite number?
True
Is 314543 prime?
True
Is 230699 prime?
False
Is 24359 prime?
True
Is 59807 prime?
False
Is 871229 a prime number?
True
Is 43753 a prime number?
True
Is 40213 a composite number?
False
Is 794537 a composite number?
False
Is 109067 a composite number?
True
Is 40123 a composite number?
False
Is 242119 a prime number?
True
Is 60757 prime?
True
Is 13291 a prime number?
True
Is 12139 composite?
True
Is 211859 a prime number?
True
Is 51139 a prime number?
False
Is 75679 a composite number?
False
Is 87109 composite?
True
Is 223349 composite?
True
Is 46573 a prime number?
True
Is 142187 composite?
True
Is 24637 composite?
True
Is 2049 a composite number?
True
Is 1754 a prime number?
False
Is 142757 a prime number?
True
Is 1269363 a prime number?
False
Is 57037 a composite number?
False
Is 51473 prime?
True
Is 53299 a prime number?
True
Is 6999 composite?
True
Is 5021 a composite number?
False
Is 2539 a prime number?
True
Is 194543 composite?
False
Is 53437 prime?
True
Is 102439 prime?
False
Is 7233 a prime number?
False
Is 377537 a prime number?
True
Is 1211999 a composite number?
False
Is 119489 composite?
False
Is 225217 a composite number?
False
Is 7531 prime?
False
Is 323399 a composite number?
True
Is 495811 prime?
False
Is 36353 a composite number?
False
Is 18971 a composite number?
True
Is 633 a composite number?
True
Is 1943 a prime number?
False
Is 19634 prime?
False
Is 28195 a composite number?
True
Is 972547 a composite number?
True
Is 91909 composite?
False
Is 687111 prime?
False
Is 971 composite?
False
Is 30241 prime?
True
Is 613 composite?
False
Is 97447 prime?
False
Is 7121 a composite number?
False
Is 44263 a composite number?
False
Is 29269 a prime number?
True
Is 222763 a prime number?
False
Is 44011 a prime number?
False
Is 3251 a composite number?
False
Is 1008835 composite?
True
Is 45251 composite?
True
Is 4849 a prime number?
False
Is 1081 a composite number?
True
Is 39857 composite?
False
Is 128459 prime?
False
Is 13159 composite?
False
Is 309971 a prime number?
False
Is 13577 a composite number?
False
Is 164258 composite?
True
Is 6761 a composite number?
False
Is 344927 prime?
False
Is 10006 prime?
False
Is 87833 prime?
True
Is 24749 a prime number?
True
Is 199293 prime?
False
Is 1124867 composite?
False
Is 651055 composite?
True
Is 49127 a prime number?
False
Is 4421 a prime number?
True
Is 488939 a prime number?
False
Is 3326 composite?
True
Is 333751 a prime number?
False
Is 51893 a composite number?
False
Is 284149 a prime number?
True
Is 10529 a composite number?
False
Is 12133 composite?
True
Is 3817 a composite number?
True
Is 3407 prime?
True
Is 17074 prime?
False
Is 34913 prime?
True
Is 19531 a composite number?
False
Is 128813 a prime number?
True
Is 9691 prime?
False
Is 955 composite?
True
Is 7183 composite?
True
Is 571369 prime?
True
Is 19489 composite?
False
Is 14783 a prime number?
True
Is 1448569 composite?
False
Is 2099 a composite number?
False
Is 1961 composite?
True
Is 7979 a prime number?
False
Is 458567 composite?
False
Is 58709 a prime number?
False
Is 111379 a prime number?
False
Is 18637 prime?
True
Is 170327 a prime number?
True
Is 3407 a prime number?
True
Is 697949 composite?
True
Is 8287 a composite number?
False
Is 3194 a composite number?
True
Is 67169 prime?
True
Is 1254919 a composite number?
True
Is 8459 composite?
True
Is 30677 prime?
True
Is 3011 a composite number?
False
Is 1889815 composite?
True
Is 59559 a prime number?
False
Is 62459 a composite number?
False
Is 34449 prime?
False
Is 126313 composite?
True
Is 236933 a composite number?
True
Is 833117 prime?
True
Is 29089 composite?
True
Is 171259 a prime number?
False
Is 235397 prime?
True
Is 10813 composite?
True
Is 48261 a composite number?
True
Is 395 a prime number?
False
Is 1931 composite?
False
Is 60983 composite?
True
Is 4067135 a prime number?
False
Is 71 a prime number?
True
Is 143351 a composite number?
True
Is 527 a composite number?
True
Is 12893 composite?
False
Is 525191 prime?
True
Is 94193 composite?
True
Is 379 a composite number?
False
Is 258911 a prime number?
False
Is 1487611 a prime number?
False
Is 29905 prime?
False
Is 1567 a prime number?
True
Is 5207 composite?
True
Is 486247 composite?
False
Is 9529 a prime number?
False
Is 54163 a composite number?
False
Is 3061 a prime number?
True
Is 56365 a prime number?
False
Is 15053 a composite number?
False
Is 324479 composite?
True
Is 3047 composite?
True
Is 2005 a composite number?
True
Is 8887 prime?
True
Is 15545 a prime number?
False
Is 126187 composite?
True
Is 14809 a prime number?
False
Is 5261 a prime number?
True
Is 7349 a composite number?
False
Is 1201429 a composite number?
True
Is 77141 a composite number?
False
Is 299435 a composite number?
True
Is 11131 composite?
False
Is 29717 a composite number?
False
Is 424805 a composite number?
True
Is 13291 a composit